late (-2 - (0 - 0)) + (-25 - -32).
5
Calculate -7 - -4 - (-7 + -1).
5
Evaluate 7 - 6 - (13 + -5).
-7
Evaluate 3 - 7 - (-3 + (2 - -2)).
-5
9 + 6 + -8 - (3 - -4)
0
Evaluate (-5 - (-4 - -4)) + 3.
-2
What is 2 + -9 + 10 - 6?
-3
Evaluate 0 - 0 - -4 - 0.
4
Calculate (3 + -5 + 2 - 2) + 3.
1
Calculate -4 - (0 + (4 - 14)).
6
What is the value of -4 - (4 + -4 + -3)?
-1
10 - ((3 - 4) + 1 - -3)
7
13 + -7 + (1 - -1) + -1
7
-10 - (-6 + 0) - 0
-4
What is the value of -2 + 2 + 8 + -4?
4
Calculate 2 + 1 - (-2 + 6).
-1
What is 9 - (-12 + 23 - 10)?
8
What is 5 + (-2 - 1) - -3?
5
Calculate -30 + 33 + 0 + -1 + -1.
1
What is -1 + (3 - -9) + -14?
-3
Evaluate -2 + -9 + 4 + 2.
-5
What is the value of 5 - 1 - (3 + -3)?
4
What is -1 + (1 - (3 + -1 + 2))?
-4
What is the value of 4 - 11 - (0 + -8)?
1
Evaluate -22 + 7 + 7 - 3.
-11
Evaluate 3 + (5 - 0) + -5.
3
Evaluate 0 + 4 + (0 - 1).
3
What is the value of (-3 + 4 - 4) + -1 + 2?
-2
Calculate (-1 + 0 + 2 - -3) + -11.
-7
Calculate -1 - (-13 + (7 - 1)) - 0.
6
(1 - (-2 - -7)) + 1
-3
What is (7 - 6) + -3 + 5 + 1?
4
0 + -6 + 7 + -1
0
What is the value of (3 - 3) + 4 - 0?
4
What is -13 + 10 + -4 + 2?
-5
What is 7 + (-1 - 13) + 12?
5
Calculate 1 - 0 - (-16 + (18 - 7)).
6
What is the value of -5 + 5 + 6 + -8?
-2
What is the value of 3 - (-8 + -12 + 18)?
5
What is the value of (-1 - 2) + -19 + 23?
1
Calculate (4 - 4 - 3) + 0.
-3
-11 + (-2 - -4) + 30 + -25
-4
14 - 29 - -9 - -8
2
Evaluate 12 - (-12 - -24 - -8).
-8
-1 + (-6 + 2 - (17 - 19))
-3
11 + (4 - 5) - 17
-7
What is -1 + (1 - 0) + 74 + -75?
-1
Calculate -9 + 6 + 0 + -1.
-4
What is -2 + -2 - 2 - (10 - 16)?
0
What is the value of -3 + 4 + 0 - (0 + -2)?
3
Evaluate (41 - 19) + (0 - 11).
11
Evaluate 2 - (2 - (4 + (4 - 4))).
4
Evaluate 4 - (-13 - -6 - -9).
2
(10 - -4) + -8 - (0 + 0)
6
Evaluate (-2 + -2 - -1) + -2 + 3.
-2
-14 + (19 - (10 + 1))
-6
19 - 27 - (-6 + -1)
-1
What is 5 + 4 + 2 + -7?
4
What is the value of 2 + -2 - (4 - (-8 - -7))?
-5
What is the value of (10 - 1 - 4) + -6?
-1
1 - (1 + 2 + 6)
-8
What is (10 - 20 - (-4 + -2)) + 2?
-2
What is the value of -11 + 19 + -3 + -11?
-6
-9 + (0 - -4) + 0
-5
What is the value of -1 - (-1 + -2 - 3)?
5
Calculate -1 + (3 + -3 - 4).
-5
Calculate 9 - -3 - (-7 - -14).
5
0 + -1 - (0 - 0)
-1
Calculate (-9 - -18) + (3 - (7 + -1)).
6
What is 0 - -4 - (-3 - (0 - 10))?
-3
What is the value of (-17 - -20) + (0 - 3)?
0
What is 2 + 5 + -6 - (7 - 1)?
-5
Calculate -5 - (-5 + 6 - -1 - 7).
0
What is the value of 1 - (6 + 1 - 1)?
-5
What is (57 - 37) + -4 + -9?
7
Evaluate (-4 + -1 - -8) + 2 + -5.
0
What is the value of 4 + (-4 - (-5 + 2))?
3
Calculate 21 + -21 + (-1 - 3).
-4
Calculate 0 + (6 + -9 - -2).
-1
What is (3 - ((-3 - -5) + -2)) + -6?
-3
5 + 1 + (-1 - 2) - -1
4
What is the value of 6 + 1 + (-15 - (9 + -20))?
3
What is the value of -3 - (1 + 3 - 7) - 4?
-4
Evaluate -6 + 5 + -2 + 6.
3
What is (-3 + 3 - -3) + 0 + -1?
2
Evaluate 4 - (0 - 5) - 6.
3
Evaluate -4 + -2 + 3 - 0 - 1.
-4
Calculate (-3 + -3 - -17) + -5.
6
(3 - 3 - 1) + (3 - 2)
0
0 + -1 + (4 - 7)
-4
What is the value of (-3 - -16) + -6 + -11 + 5?
1
Calculate 10 - ((-12 - -9) + 22).
-9
What is the value of (1 - (2 - -3)) + -1?
-5
What is the value of (32 - 33 - (-7 + 1)) + -7?
-2
Calculate (6 - 9) + (2 - (-5 - -1)).
3
Evaluate 7 + -6 + 0 + 0.
1
Calculate (1 - (2 + (-2 - -2))) + 3.
2
What is -10 - (-5 + 0) - (-7 + 5)?
-3
Calculate 0 - 3 - (1 + -4).
0
What is -48 - -51 - (-2 + 12 + -3)?
-4
2 - (-9 + -3 + 9)
5
What is the value of -3 - 0 - (6 + -6)?
-3
Evaluate (-3 - -1) + 0 + -1 + -2.
-5
65 + -76 + 1 + 20
10
What is the value of 11 + -22 - (4 - 6)?
-9
What is the value of 2 + -4 + -1 - (-7 + 5)?
-1
Evaluate (-5 + 3 - -2) + (3 - 8).
-5
(-15 - -6) + 7 + -3
-5
What is (0 - (9 - 0)) + 5?
-4
What is (-2 - 0) + (1 - (2 - 4))?
1
What is 18 - (7 - (15 + -21))?
5
Calculate 0 + -1 + -7 + 13.
5
Calculate -1 - -3 - 7 - (5 + -7).
-3
What is the value of -22 + 35 + (-3 - 7)?
3
What is the value of -5 + (2 - (-9 - -8))?
-2
What is -91 + 87 - (0 - -2)?
-6
What is the value of 13 - 9 - (0 - -4)?
0
What is the value of -2 + (11 - 8) + 7?
8
Calculate 1 - (2 + -3 + 5 + -6).
3
What is the value of 3 + (-16 - -4) + 4 + 1?
-4
2 + 1 - -2 - 0
5
0 + -6 + (-4 - -15)
5
Calculate -1 - (3 + 5 + -5).
-4
What is 1 - -7 - (0 - 4 - -5)?
7
What is the value of (-1 - -9) + -95 + 89?
2
Evaluate -21 + 18 + 0 + 8.
5
Evaluate -9 - (9 + -20 + -3 + 9).
-4
What is 1 + -2 - (5 - (1 - -5))?
0
Calculate -7 + 6 + -1 + 1.
-1
What is -4 - -5 - (3 - 8)?
6
Calculate (3 - -9 - 4) + -10.
-2
6 + 3 + 5 + -10
4
What is 2 + -3 + (-1 - 0) + 3?
1
What is (7 - 7) + -9 - -14?
5
1 - (4 - (1 - -5)) - 6
-3
-3 + 1 + (13 - 2) + -3
6
Calculate 0 - 12 - (-3 + -4) - -9.
4
-6 + 9 + 1 + 1
5
What is 2 + -1 + (2 - 4)?
-1
What is -5 - ((-7 - -5) + -1) - 0?
-2
(5 - (2 + -6)) + -7
2
What is the value of (-6 - -4) + 8 - 3?
3
What is -4 + (2 - (-2 - 4))?
4
What is (-13 - -5) + (3 - -1 - 0)?
-4
What is -4 + (4 - 1) - (4 + -2)?
-3
Evaluate (4 - 2) + -3 - -5.
4
What is -1 + -8 + 4 + (13 - 4)?
4
Calculate -2 + (4 + -4 - 0) - -5.
3
Calculate -4 - (-7 - (-6 - -7)).
4
What is the value of 3 + (-3 + 2 - -4 - 3)?
3
What is 4 + -4 + 1 + (6 - 9)?
-2
Calculate -8 - (-5 - 1) - (-2 + 4).
-4
86 + -88 - (-2 - -9)
-9
What is the value of 7 + 0 - (20 + -19)?
6
What is the value of 2 + 1 + (-1 - 0 - 0)?
2
-6 + 0 - (-14 + 2)
6
What is -6 - (-3 + -4 + 1 - -1)?
-1
Evaluate -4 - (-2 + -7 + (5 - 2)).
2
Calculate 1 + (-3 - -3) + 1.
2
What is the value of 11 - -4 - (5 + 3)?
7
What is the value of (1 - -9) + -4 - 1?
5
What is the value of -4 - (-7 + 0 - 2)?
5
3 - 1 - (3 + 1 + -7)
5
What is (-3 - 0) + 7 + (7 - 9)?
2
(0 - (1 + -3)) + (3 - 5)
0
What is 1 + 7 + 3 + -7?
4
Evaluate (-29 - -16) + (8 - 2).
-7
-2 + 2 + -3 + -1 - 0
-4
Calculate -2 - -1 - (-14 + 9).
4
Calculate 0 - (-3 + (-5 - -2) - -1).
5
Calculate -12 + 13 + 3 + (-1 - -1).
4
What is 1 + 11 + -5 - 7?
0
What is the value of (-4 - -1) + 1 + 8 + -2?
4
Evaluate -12 + 2 + 7 - (1 + 2).
-6
What is -25 + 21 + -1 + 0?
-5
Calculate 7 - 2 - 2 - (8 - 7).
2
Calculate -12 - (-4 + -8 + 5).
-5
What is 1 + 1 + (7 - 23) + 5?
-9
Evaluate (1 + (-6 - 0) - 0) + 1.
-4
What is -5 + (1 - (1 + 1)) + 1?
-5
What is 3 + (-7 - -6 - (-9 + 3))?
8
Evaluate -4 + -7 + (5 - -9).
3
What is the value of (-3 - -5) + -1 + 12 + -16?
-3
What is the value of (2 - (-4 - -9)) + 4 - 2?
-1
What is the value of -1 + 0 + 3 + -3 + -1?
-2
What is (12 - 8) + -9 - (-8 - -1)?
2
What is the value of -6 + (3 - (5 - 1) - -4)?
-3
Evaluate (-1 - -8) + 3 + (-3 - 4).
3
3 + 3 + -20 + 20
6
What is the value of -5 + 5 + -2 + 1 - -4?
3
3 - (-2 + -1 + 5) - -3
4
Calculate (-2 + 2 - (16 + -9)) + 1.
-6
-3 - -14 - (6 - -4)
1
What is -1 + -1 - 1 - (-29 - -25)?
1
1 - (-1 - (-3 - -3))
2
What is -5 + (-7 - -12) + 0?
0
Evaluate (-1 - (-2 - 0 - 3)) + 4.
8
Calculate -9 + (12 - 1) + -7 + 12.
7
Evaluate -2 + (-1 + (3 - 1) - -2).
1
Calculate 0 + 0 - 3 - (3 - 1).
-5
What is the value of 0 + 0 - (-2 - (5 - 6))?
1
What is the value of 1 + (4 - 4 - -4)?
5
Evaluate (20 - 21) + -1 + -1.
-3
-5 + 18 - (-4 - -10)
7
What is the value of -2 + (-7 - -1) + (1 - -2)?
-5
Calculate (-3 - (-3 - 8)) + -11.
-3
Calculate -5 + (1 - (4 - 9)).
1
Evaluate -8 - (-21 + 30 + -15).
-2
What is -7 + (-3 - -6 - 1)?
-5
What is (0 - (2 + 0)) + (-9 - -10)?
-1
Calculate 1 + -5 + 1 + 0 + 0.
-3
Calculate -2 - 1 - (-1 - 11) - 6.
3
Evaluate -10 + (9 - -5) + 6.
10
What is the value of 1 - (8 + 1 - 8)?
0
Calculate 0 + -7 + 1 + 3 + 5.
2
Evaluate -4 - (-3 + 1) - (5 - 3).
-4
Evaluate -3 - (-6 + 8 + (-2 - 1)).
-2
-3 - (7 + -5 + -4 - -2)
-3
Calculate (-15 + 6 - -5) + 7 + 0.
3
What is -2 - (-1 + 5 + -3)?
-3
Evaluate -5 - (3 + -6 - -2).
-4
(4 - (8 - 3)) + 6
5
What is the value of (-4 - (0 + -2 + 1)) + 3?
0
What is -1 - 0 - (-3 + 3 - 3)?
2
-3 + (0 - (-3 - 2))
2
What is -6 + (10 + -15 - -7)?
-4
Evaluate 3 + (0 + 4 - (-4 + 5)).
6
What is 20 - (7 - -2) - 7?
4
-7 + 7 + (0 - -1)
1
0 + 6 + -1 + -5 + 2
2
Evaluate (-6 - (0 + -4)) + -2.
-4
(-11 - -3) + (12 - 9)
-5
What is the value of (3 - 0) + -4 - 4?
-5
What is the value of 5 - (-1 + (-2 - (-5 + 2)))?
5
Evaluate -8 + 1 + 8 + -4 + -1.
-4
What is -4 + 5 - 3 - -1?
-1
Evaluate -1 - (2 + 1 + -6).
2
30 + -43 - (0 - 7)
-6
Calculate (7 + -3 - 1) + (11 - 20).
-6
49 + -47 + (-1 - 6) + 5
0
Calculate -4 + -6 + 5 - -1.
-4
Evaluate (-2 -